ctors of 4611?
3, 29, 53
What are the prime factors of 28094?
2, 11, 1277
List the prime factors of 581.
7, 83
What are the prime factors of 688?
2, 43
List the prime factors of 1323.
3, 7
List the prime factors of 51083.
23, 2221
What are the prime factors of 7954?
2, 41, 97
List the prime factors of 13913.
13913
What are the prime factors of 36625?
5, 293
What are the prime factors of 1637?
1637
List the prime factors of 789.
3, 263
List the prime factors of 14614.
2, 7307
List the prime factors of 2010.
2, 3, 5, 67
List the prime factors of 4621.
4621
What are the prime factors of 3867?
3, 1289
List the prime factors of 35368.
2, 4421
List the prime factors of 42532.
2, 7, 31
What are the prime factors of 3441?
3, 31, 37
List the prime factors of 581.
7, 83
What are the prime factors of 9297?
3, 1033
List the prime factors of 1012.
2, 11, 23
What are the prime factors of 3781?
19, 199
What are the prime factors of 816?
2, 3, 17
What are the prime factors of 20319?
3, 13, 521
List the prime factors of 11333.
7, 1619
List the prime factors of 568.
2, 71
List the prime factors of 5130.
2, 3, 5, 19
What are the prime factors of 8064?
2, 3, 7
List the prime factors of 12658.
2, 6329
What are the prime factors of 6259?
11, 569
What are the prime factors of 3536?
2, 13, 17
What are the prime factors of 4812?
2, 3, 401
What are the prime factors of 6200?
2, 5, 31
List the prime factors of 10036.
2, 13, 193
List the prime factors of 68381.
19, 59, 61
List the prime factors of 821.
821
List the prime factors of 1306.
2, 653
List the prime factors of 6507.
3, 241
What are the prime factors of 1905?
3, 5, 127
List the prime factors of 714.
2, 3, 7, 17
List the prime factors of 3220.
2, 5, 7, 23
List the prime factors of 87885.
3, 5, 7, 31
What are the prime factors of 95595?
3, 5, 6373
What are the prime factors of 179?
179
What are the prime factors of 7495?
5, 1499
List the prime factors of 41266.
2, 47, 439
What are the prime factors of 120989?
11, 17, 647
What are the prime factors of 1448?
2, 181
What are the prime factors of 710?
2, 5, 71
List the prime factors of 7877.
7877
List the prime factors of 4795.
5, 7, 137
What are the prime factors of 1683?
3, 11, 17
What are the prime factors of 67794?
2, 3, 11299
What are the prime factors of 2674?
2, 7, 191
What are the prime factors of 640?
2, 5
What are the prime factors of 14625?
3, 5, 13
What are the prime factors of 1134?
2, 3, 7
List the prime factors of 4661.
59, 79
What are the prime factors of 89975?
5, 59, 61
What are the prime factors of 25?
5
List the prime factors of 36581.
157, 233
List the prime factors of 8378.
2, 59, 71
List the prime factors of 97908.
2, 3, 41, 199
List the prime factors of 2442.
2, 3, 11, 37
List the prime factors of 5016.
2, 3, 11, 19
What are the prime factors of 782?
2, 17, 23
List the prime factors of 1541.
23, 67
List the prime factors of 1133.
11, 103
What are the prime factors of 4072?
2, 509
List the prime factors of 527.
17, 31
List the prime factors of 20951.
7, 41, 73
List the prime factors of 27566.
2, 7, 11, 179
List the prime factors of 64497.
3, 21499
List the prime factors of 25233.
3, 13, 647
List the prime factors of 13093.
13093
List the prime factors of 3626.
2, 7, 37
What are the prime factors of 85223?
85223
List the prime factors of 992.
2, 31
What are the prime factors of 215?
5, 43
What are the prime factors of 299?
13, 23
What are the prime factors of 7480?
2, 5, 11, 17
What are the prime factors of 2969?
2969
List the prime factors of 12049.
12049
What are the prime factors of 1823?
1823
What are the prime factors of 4153?
4153
List the prime factors of 1026.
2, 3, 19
What are the prime factors of 23187?
3, 59, 131
List the prime factors of 8117.
8117
List the prime factors of 14519.
14519
What are the prime factors of 4093?
4093
List the prime factors of 1552.
2, 97
List the prime factors of 846.
2, 3, 47
What are the prime factors of 2156?
2, 7, 11
What are the prime factors of 17620?
2, 5, 881
What are the prime factors of 5324?
2, 11
What are the prime factors of 1394?
2, 17, 41
List the prime factors of 232.
2, 29
What are the prime factors of 1229?
1229
List the prime factors of 15393.
3, 7, 733
What are the prime factors of 2821?
7, 13, 31
List the prime factors of 49616.
2, 7, 443
List the prime factors of 21524.
2, 5381
List the prime factors of 2471.
7, 353
List the prime factors of 3698.
2, 43
List the prime factors of 24296.
2, 3037
What are the prime factors of 1291?
1291
List the prime factors of 36840.
2, 3, 5, 307
What are the prime factors of 1541?
23, 67
List the prime factors of 2181.
3, 727
What are the prime factors of 7826?
2, 7, 13, 43
List the prime factors of 131922.
2, 3, 7, 349
What are the prime factors of 3647?
7, 521
List the prime factors of 458.
2, 229
List the prime factors of 6103.
17, 359
List the prime factors of 4262.
2, 2131
What are the prime factors of 9011?
9011
What are the prime factors of 1734?
2, 3, 17
What are the prime factors of 37134?
2, 3, 2063
What are the prime factors of 45049?
19, 2371
List the prime factors of 105.
3, 5, 7
What are the prime factors of 19139?
19139
What are the prime factors of 2478?
2, 3, 7, 59
What are the prime factors of 2188?
2, 547
What are the prime factors of 4284?
2, 3, 7, 17
List the prime factors of 1755.
3, 5, 13
What are the prime factors of 858?
2, 3, 11, 13
What are the prime factors of 855?
3, 5, 19
List the prime factors of 9659.
13, 743
List the prime factors of 2007.
3, 223
List the prime factors of 57230.
2, 5, 59, 97
What are the prime factors of 6753?
3, 2251
What are the prime factors of 10678?
2, 19, 281
List the prime factors of 45961.
19, 41, 59
List the prime factors of 12275.
5, 491
What are the prime factors of 306?
2, 3, 17
What are the prime factors of 6504?
2, 3, 271
List the prime factors of 138327.
3, 7, 941
What are the prime factors of 21322?
2, 7, 1523
List the prime factors of 126.
2, 3, 7
List the prime factors of 1467.
3, 163
List the prime factors of 1392.
2, 3, 29
What are the prime factors of 6339?
3, 2113
List the prime factors of 649.
11, 59
List the prime factors of 4865.
5, 7, 139
What are the prime factors of 65240?
2, 5, 7, 233
What are the prime factors of 5781?
3, 41, 47
What are the prime factors of 1764?
2, 3, 7
List the prime factors of 1252.
2, 313
List the prime factors of 8385.
3, 5, 13, 43
List the prime factors of 10314.
2, 3, 191
List the prime factors of 1349.
19, 71
What are the prime factors of 2250?
2, 3, 5
List the prime factors of 9648.
2, 3, 67
List the prime factors of 3808.
2, 7, 17
List the prime factors of 34190.
2, 5, 13, 263
List the prime factors of 6924.
2, 3, 577
List the prime factors of 9998.
2, 4999
List the prime factors of 957.
3, 11, 29
What are the prime factors of 28?
2, 7
What are the prime factors of 17392?
2, 1087
What are the prime factors of 3937?
31, 127
What are the prime factors of 430?
2, 5, 43
List the prime factors of 8045.
5, 1609
What are the prime factors of 12131?
7, 1733
What are the prime factors of 28290?
2, 3, 5, 23, 41
List the prime factors of 4450.
2, 5, 89
What are the prime factors of 22444?
2, 31, 181
What are the prime factors of 5014?
2, 23, 109
What are the prime factors of 14070?
2, 3, 5, 7, 67
List the prime factors of 586.
2, 293
What are the prime factors of 24435?
3, 5, 181
What are the prime factors of 15383?
15383
List the prime factors of 3115.
5, 7, 89
List the prime factors of 484.
2, 11
List the prime factors of 4899.
3, 23, 71
What are the prime factors of 8302?
2, 7, 593
What are the prime factors of 36119?
19, 1901
What are the prime factors of 44545?
5, 59, 151
List the prime factors of 51298.
2, 13, 1973
What are the prime factors of 3285?
3, 5, 73
List the prime factors of 1447.
1447
List the prime factors of 1252.
2, 313
What are the prime factors of 11897?
11897
What are the prime factors of 324?
2, 3
List the prime factors of 715.
5, 11, 13
List the prime factors of 3278.
2, 11, 149
List the prime factors of 5338.
2, 17, 157
List the prime factors of 6678.
2, 3, 7, 53
What are the prime factors of 315?
3, 5, 7
What are the prime factors of 11017?
23, 479
What are the prime factors of 9177?
3, 7, 19, 23
List the prime factors of 1767